w) = 79*w**2 + w - 6. Calculate t(2).
312
Let n(d) = -d**3 - 100*d**2 - 11*d - 1116. What is n(-100)?
-16
Let c(t) = -23*t**2 - 130*t - 2. What is c(-6)?
-50
Let z(v) = 117*v - 876. Calculate z(7).
-57
Let p(c) = c**3 + 5*c**2 - 15*c + 24. Calculate p(3).
51
Let h(m) = 12*m + 317. Calculate h(-20).
77
Let l(h) = -h**3 - 67*h**2 - 77*h + 3444. What is l(-65)?
-1
Let u(a) = a**3 + 16*a**2 - 10*a - 14. Calculate u(-16).
146
Let f(c) = -2*c**3 - 120*c**2 + 117*c - 315. Give f(-61).
-10
Let p(s) = -1160*s - 16225. Determine p(-14).
15
Let n(z) = -12908*z + 64559. Determine n(5).
19
Let m(a) = 336*a + 38639. Determine m(-115).
-1
Let w(q) = -150*q**2 - 19*q - 19. Determine w(-1).
-150
Let i(q) = -q**3 - 69*q**2 + 3*q + 108. Determine i(-69).
-99
Let k(g) = -3*g**3 + 28*g**2 + 9*g + 10. Give k(10).
-100
Let j(x) = -52*x - 1992. Calculate j(-38).
-16
Let u(j) = -2990*j - 9020. What is u(-3)?
-50
Let v(i) = -i**2 - 2*i + 3. What is v(1)?
0
Let d(v) = 5*v**2 + 6*v - 23. What is d(-3)?
4
Let f(g) = -28*g**2 + 546*g - 545. Give f(1).
-27
Let t(b) = 3*b**2 + 12*b - 184. Determine t(-13).
167
Let z(p) = 4*p + 179. Give z(-56).
-45
Let t(k) = 2*k**3 - 13*k**2 + 9*k - 21. Calculate t(6).
-3
Let g(n) = -75*n - 979. Determine g(-13).
-4
Let z(l) = -19*l + 98. What is z(9)?
-73
Let r(a) = -16*a + 329. Calculate r(21).
-7
Let z(n) = -13*n**2 + 183*n + 166. What is z(15)?
-14
Let v(z) = -7*z**2 + 10*z - 2. What is v(2)?
-10
Let k(j) = 65*j + 378. Give k(-16).
-662
Let z(q) = 4*q**2 - 173*q - 133. Give z(45).
182
Let t(f) = f**2 + 302*f + 6928. Determine t(-25).
3
Let h(y) = y**3 + 8*y**2 + 13*y - 17. Calculate h(-7).
-59
Let c(p) = -2*p**3 + 57*p**2 + 40*p - 325. Give c(29).
-6
Let v(m) = m**3 - 11*m**2 - 256*m - 13. Calculate v(-11).
141
Let m(u) = -28*u + 702. Give m(30).
-138
Let d(h) = 4*h**2 - 17*h + 7. Give d(6).
49
Let w(i) = 5*i**2 + 21*i - 217. Determine w(-9).
-1
Let d(i) = -i**3 + i**2 + 13*i - 31. What is d(5)?
-66
Let x(b) = 2*b**3 - 9*b**2 - 4*b + 56. Determine x(6).
140
Let h(p) = -p**3 + 21*p**2 - 35*p + 34. Give h(19).
91
Let y(l) = -l**3 - 5*l**2 + 15*l + 57. Determine y(-6).
3
Let h(j) = -45*j - 68. Determine h(-2).
22
Let g(q) = 375*q + 13127. Calculate g(-35).
2
Let t(x) = 2*x**2 - 6*x - 4301. Calculate t(-45).
19
Let w(b) = 234*b - 4771. Determine w(21).
143
Let h(j) = 9*j - 74. Give h(6).
-20
Let b(p) = -1726*p - 29233. Determine b(-17).
109
Let b(m) = -m**2 + 1177*m + 43. What is b(0)?
43
Let n(r) = -r**2 - 3581*r - 14327. Calculate n(-4).
-19
Let o(f) = f**3 + 5*f**2 - 64*f + 78. Determine o(5).
8
Let s(f) = f**3 + 8*f**2 - 7*f + 54. Give s(-7).
152
Let a(c) = 295*c**2 - 314*c - 317. Calculate a(-1).
292
Let r(p) = -1061*p - 13794. Determine r(-13).
-1
Let d(q) = -2*q**2 - 69*q - 189. Calculate d(-32).
-29
Let g(d) = 2*d**3 + 45*d**2 + 226*d + 7. Give g(-15).
-8
Let w(m) = m**2 + 1125*m - 9072. Calculate w(8).
-8
Let b(m) = 3*m**3 + 5*m**2 - 5*m - 10. Calculate b(0).
-10
Let y(x) = 3*x**2 - 27*x - 164. Determine y(13).
-8
Let j(s) = 2*s**2 - 96*s + 74. What is j(47)?
-20
Let j(w) = -w**2 - 53*w + 358. Determine j(6).
4
Let r(t) = 2*t**2 - 337*t + 2589. What is r(8)?
21
Let c(f) = 4*f**3 + 24*f**2 + 38*f + 84. Calculate c(-5).
-6
Let t(s) = -249*s + 3243. Calculate t(13).
6
Let g(c) = c**3 + 12*c**2 - 2015*c - 26027. Calculate g(-13).
-1
Let w(d) = 2*d**2 + 51*d - 801. Determine w(11).
2
Let z(l) = -23*l + 1088. What is z(48)?
-16
Let g(t) = t**3 - 29*t**2 - 14*t - 456. Determine g(30).
24
Let i(g) = -6*g - 111. What is i(-20)?
9
Let v(d) = -d**3 - 78*d**2 + 84*d + 229. Give v(-79).
-166
Let x(u) = 15*u**2 + 634*u + 117. Give x(-42).
-51
Let x(q) = -81*q - 613. Determine x(-9).
116
Let l(a) = -646*a + 21. Determine l(-2).
1313
Let w(g) = -3*g**2 + 13*g - 69. What is w(0)?
-69
Let s(r) = -r**3 - 10*r**2 - 16*r + 28. What is s(-4)?
-4
Let v(x) = -x**2 - 67*x + 522. Determine v(7).
4
Let r(p) = -9*p + 1008. What is r(103)?
81
Let a(c) = -157*c + 1511. What is a(9)?
98
Let o(g) = 2*g**3 + 53*g**2 + 171*g + 46. What is o(-23)?
-184
Let y(m) = m**3 - 149*m**2 + 571*m + 1303. Determine y(145).
-2
Let z(b) = 987*b + 7895. What is z(-8)?
-1
Let h(t) = -8*t**2 - 122*t + 7. Give h(-15).
37
Let c(i) = 11*i**3 + 17*i**2 - 46*i + 28. What is c(1)?
10
Let k(i) = -35*i**3 - 23*i**2 - 4*i - 4. What is k(-1)?
12
Let u(l) = 723*l - 5022. Give u(7).
39
Let a(b) = 2*b**3 + 83*b**2 - 173*b - 1886. Calculate a(-43).
6
Let p(c) = 9*c**2 + 1209*c - 1208. What is p(1)?
10
Let s(h) = 2*h**3 + 24*h**2 - 8*h - 95. What is s(-12)?
1
Let m(q) = -106*q + 1235. What is m(12)?
-37
Let q(i) = 3*i**2 - 130. Determine q(12).
302
Let d(a) = -60*a**2 + 719*a + 15. Determine d(12).
3
Let l(h) = -2*h**3 - 23*h**2 + 6*h - 58. Calculate l(-12).
14
Let v(x) = 4*x**3 + 35*x**2 - 4*x + 39. Give v(-9).
-6
Let l(x) = x**3 + 17*x**2 + 15*x - 224. What is l(-15)?
1
Let b(p) = -2*p**3 - 9*p**2 - 12*p - 111. Give b(-8).
433
Let z(y) = 2*y**3 + y**2 - 34*y - 104. Give z(5).
1
Let r(k) = -19*k + 1920. Give r(103).
-37
Let h(s) = -6*s**2 + 1514*s + 1031. Calculate h(253).
19
Let d(r) = 124*r - 2657. Determine d(23).
195
Let x(h) = -11*h**2 + 159*h + 11. Give x(15).
-79
Let q(k) = -2*k**2 + 353*k - 2051. Determine q(6).
-5
Let t(f) = -869*f + 3404. Calculate t(4).
-72
Let y(q) = -31*q - 36. What is y(2)?
-98
Let n(h) = 16*h**2 + 196*h + 28. Calculate n(-12).
-20
Let z(x) = 2*x**2 + 63*x + 6. What is z(-31)?
-25
Let x(w) = -1609*w - 10. Calculate x(0).
-10
Let n(u) = 54*u + 4. What is n(-3)?
-158
Let i(d) = -6*d + 163. What is i(32)?
-29
Let h(i) = -1036*i + 16524. Give h(16).
-52
Let r(f) = 10*f**3 - 168*f**2 - 43*f + 43. Determine r(17).
-110
Let d(z) = -119*z + 3. Give d(2).
-235
Let s(a) = -6*a**2 + 78*a - 381. Calculate s(10).
-201
Let f(i) = 3*i**2 - 18*i - 466. Give f(-14).
374
Let n(w) = w**2 + 21*w + 70. Calculate n(-4).
2
Let m(h) = h**2 - 4*h - 67. Calculate m(9).
-22
Let r(s) = 57*s + 4. What is r(-10)?
-566
Let m(v) = v**3 - 8*v**2 - 15*v + 95. Determine m(4).
-29
Let c(y) = y**3 + 48*y**2 + 178*y - 379. What is c(-44)?
-467
Let g(o) = -2*o + 96. Calculate g(-11).
118
Let h(s) = s**2 + 337*s + 195. Determine h(0).
195
Let r(h) = 24*h + 49. Give r(-7).
-119
Let c(o) = -261*o + 10702. Calculate c(40).
262
Let z(f) = -1775*f + 15978. What is z(9)?
3
Let o(i) = i**3 + 13*i**2 + 21*i - 4. Determine o(-11).
7
Let w(m) = -13*m**2 - 45*m + 14. Give w(-3).
32
Let i(l) = l**3 + 24*l**2 + 90*l + 186. Calculate i(-20).
-14
Let k(g) = g**3 - 12*g**2 - 20*g - 7. Give k(15).
368
Let m(x) = 83*x + 1617. Determine m(-20).
-43
Let o(i) = -3258*i - 19563. Determine o(-6).
-15
Let p(g) = -43*g + 219. Give p(9).
-168
Let z(l) = l**2 + 27*l - 2786. What is z(41)?
2
Let c(p) = -p**3 - 30*p**2 - 47*p + 264. Calculate c(-28).
12
Let f(k) = -5*k**2 - 74*k - 203. Give f(-11).
6
Let u(i) = -i**2 - 135*i - 4138. What is u(-47)?
-2
Let u(f) = 8*f**2 - 701*f + 511. Give u(87).
76
Let r(w) = -20*w - 512. Determine r(-23).
-52
Let g(t) = 104*t**3 + 2*t**2 + 3*t + 2. Determine g(-1).
-103
Let a(t) = -38*t**2 - 41*t + 128. What is a(3)?
-337
Let g(n) = -30*n**2 - 501*n + 144. Give g(-17).
-9
Let o(j) = -j**3 - 27*j**2 + 575*j - 11. Determine o(14).
3
Let z(b) = 3*b**2 - 35*b + 94. Determine z(22).
776
Let j(g) = 16*g - 194. Calculate j(0).
-194
Let f(b) = -b**2 + 46*b - 138. Determine f(42).
30
Let y(g) = -644*g - 1333. Calculate y(-2).
-45
Let m(i) = i**3 + 4*i**2 - 24*i - 71. What is m(-6)?
1
Let i(m) = 2*m**2 + 176*m + 2194. Calculate i(-15).
4
Let a(g) = g**2 + 49*g + 296. Calculate a(-39).
-94
Let s(g) = g**2 + 30*g + 116. What is s(-6)?
-28
Let o(q) = q**2 - 28*q + 177. Give o(11).
-10
Let h(o) = 13*o - 388. Determine h(27).
-37
Let u(t) = 28*t - 20. What is u(2)?
36
Let y(l) = -144*l - 1434. Calculate y(-10).
6
Let j(w) = 1655*w + 4955. What is j(-3)?
-10
Let u(v) = 33*v - 2311. What is u(70)?
-1
Let h(l) = l**3 + 13*l**2 - 24*l - 133. Determine h(-14).
7
Let y(w) = -200*w + 11194. What is y(56)?
-6
Let k(l) = 2*l - 114. What is k(4)?
-106
Let g(z) = 2*z**3 + 28*z - 123. What is g(3)?
15
Let r(k) = k**3 - 206*k**2 - 11*k + 2256. Determine r(206).
-10
Let p(d) = 2110*d + 67507. Determine p(-32).
-13
Let y(q) = q**2 - 28*q + 161. Determine y(10).
-19
Let v(k) = 900*k**2 - 3612*k - 5. Determine v(4).
-53
Let 